y 244190?
10
Calculate the remainder when 20951815 is divided by 910948.
11
What is the remainder when 52516425 is divided by 1694078?
7
What is the remainder when 4654708 is divided by 19?
12
What is the remainder when 17837379 is divided by 8918592?
195
Calculate the remainder when 31519410 is divided by 1503.
1500
Calculate the remainder when 24687583 is divided by 148.
147
Calculate the remainder when 29328 is divided by 2998.
2346
What is the remainder when 557809 is divided by 185933?
10
What is the remainder when 48841 is divided by 1276?
353
What is the remainder when 2016173 is divided by 1117?
1105
Calculate the remainder when 51201112 is divided by 112.
88
What is the remainder when 1839151 is divided by 10569?
145
What is the remainder when 4488054 is divided by 179522?
4
What is the remainder when 24387268 is divided by 1056?
4
Calculate the remainder when 2646618 is divided by 165.
18
Calculate the remainder when 37865 is divided by 23.
7
Calculate the remainder when 49505 is divided by 12297.
317
What is the remainder when 24058295 is divided by 39?
14
What is the remainder when 4407191 is divided by 1469059?
14
Calculate the remainder when 80708 is divided by 2.
0
Calculate the remainder when 4002006 is divided by 117.
21
What is the remainder when 10223416 is divided by 1320?
16
Calculate the remainder when 219586 is divided by 69.
28
Calculate the remainder when 169808 is divided by 826.
478
Calculate the remainder when 120101841 is divided by 12724.
5
Calculate the remainder when 702234876 is divided by 2878.
2876
Calculate the remainder when 4040921 is divided by 3036.
5
Calculate the remainder when 2705232 is divided by 570.
12
What is the remainder when 421807914 is divided by 636?
630
What is the remainder when 88087 is divided by 811?
499
Calculate the remainder when 3291211 is divided by 219413.
16
Calculate the remainder when 404861 is divided by 138.
107
Calculate the remainder when 1631966 is divided by 122.
94
What is the remainder when 4642103 is divided by 3276?
11
Calculate the remainder when 43154 is divided by 1588.
278
Calculate the remainder when 65548 is divided by 15752.
2540
What is the remainder when 1019835 is divided by 25447?
1955
What is the remainder when 9890046 is divided by 403?
23
Calculate the remainder when 34065100 is divided by 303.
22
What is the remainder when 16859404 is divided by 372?
364
Calculate the remainder when 1263154 is divided by 3851.
26
What is the remainder when 169949889 is divided by 4998526?
5
Calculate the remainder when 508257 is divided by 1918.
1905
What is the remainder when 3859929 is divided by 2951?
21
Calculate the remainder when 10285513 is divided by 462.
7
Calculate the remainder when 883236 is divided by 7886.
4
Calculate the remainder when 7615540 is divided by 20254.
36
What is the remainder when 1869203 is divided by 934580?
43
Calculate the remainder when 132832505 is divided by 78.
65
Calculate the remainder when 597910 is divided by 796.
114
What is the remainder when 2471691 is divided by 272?
27
What is the remainder when 92284 is divided by 10238?
142
Calculate the remainder when 32071 is divided by 32.
7
What is the remainder when 23606 is divided by 2344?
166
What is the remainder when 540901 is divided by 2341?
130
What is the remainder when 551961 is divided by 275038?
1885
Calculate the remainder when 5370095 is divided by 228.
11
What is the remainder when 10257383 is divided by 15?
8
Calculate the remainder when 8782563 is divided by 5062.
5055
Calculate the remainder when 439369 is divided by 1356.
25
What is the remainder when 123742 is divided by 123654?
88
What is the remainder when 260764 is divided by 1210?
614
Calculate the remainder when 1017072 is divided by 30.
12
What is the remainder when 1030320 is divided by 1851?
1164
Calculate the remainder when 125658 is divided by 12969.
8937
Calculate the remainder when 1520003 is divided by 128.
3
What is the remainder when 6256693 is divided by 545?
93
What is the remainder when 9495 is divided by 4714?
67
What is the remainder when 12792698 is divided by 950?
948
Calculate the remainder when 20386595 is divided by 4.
3
What is the remainder when 818276052 is divided by 6632?
6628
Calculate the remainder when 177756 is divided by 100.
56
What is the remainder when 339330 is divided by 169637?
56
What is the remainder when 50066545 is divided by 28?
25
What is the remainder when 34462914 is divided by 5743818?
6
What is the remainder when 172869 is divided by 74?
5
What is the remainder when 295837 is divided by 888?
133
What is the remainder when 328248 is divided by 1128?
0
Calculate the remainder when 228279 is divided by 4755.
39
Calculate the remainder when 229703 is divided by 25421.
914
What is the remainder when 1099784 is divided by 5313?
5306
What is the remainder when 63460 is divided by 19661?
4477
Calculate the remainder when 2060219 is divided by 693.
623
What is the remainder when 22754464 is divided by 587?
583
What is the remainder when 10158 is divided by 121?
115
Calculate the remainder when 212243 is divided by 1827.
311
Calculate the remainder when 4168470 is divided by 208423.
10
Calculate the remainder when 22034 is divided by 3142.
40
What is the remainder when 2452226 is divided by 272467?
23
What is the remainder when 71739270 is divided by 55?
20
Calculate the remainder when 8955771 is divided by 8955764.
7
What is the remainder when 21434990 is divided by 17441?
1
Calculate the remainder when 6038766 is divided by 32.
14
What is the remainder when 131855 is divided by 1127?
1123
Calculate the remainder when 119078 is divided by 117.
89
Calculate the remainder when 2040021 is divided by 5713.
480
Calculate the remainder when 40449581 is divided by 14.
11
Calculate the remainder when 4115264 is divided by 8.
0
What is the remainder when 53331248 is divided by 161?
159
What is the remainder when 211562 is divided by 5160?
2
What is the remainder when 70814 is divided by 35207?
400
Calculate the remainder when 6434515 is divided by 835.
5
Calculate the remainder when 875222208 is divided by 849.
843
What is the remainder when 8960634 is divided by 2872?
2866
What is the remainder when 226371 is divided by 16168?
19
Calculate the remainder when 8002725 is divided by 58414.
7
Calculate the remainder when 1372891 is divided by 683.
61
What is the remainder when 198562780 is divided by 3271?
3267
What is the remainder when 855008 is divided by 188?
172
Calculate the remainder when 1151289 is divided by 2428.
417
Calculate the remainder when 149138 is divided by 74560.
18
Calculate the remainder when 12521 is divided by 5707.
1107
Calculate the remainder when 3229694 is divided by 64.
62
What is the remainder when 22157391 is divided by 272?
271
Calculate the remainder when 5224469 is divided by 506.
19
What is the remainder when 31792722 is divided by 2621?
2613
What is the remainder when 9829549 is divided by 42552?
37
What is the remainder when 3547581 is divided by 1718?
1629
Calculate the remainder when 9698 is divided by 1220.
1158
What is the remainder when 19111547 is divided by 9555766?
15
Calculate the remainder when 15130 is divided by 2631.
1975
Calculate the remainder when 15854530 is divided by 1929.
79
What is the remainder when 3302626 is divided by 64757?
19
Calculate the remainder when 733857 is divided by 14953.
1160
What is the remainder when 268368 is divided by 22364?
0
Calculate the remainder when 353781 is divided by 176878.
25
Calculate the remainder when 17721743 is divided by 5907219.
86
Calculate the remainder when 265540552 is divided by 47.
46
What is the remainder when 134794 is divided by 48?
10
What is the remainder when 302608 is divided by 973?
5
Calculate the remainder when 65209 is divided by 2118.
1669
What is the remainder when 11527337 is divided by 217?
80
What is the remainder when 3414727 is divided by 51?
22
What is the remainder when 161152 is divided by 1697?
1634
Calculate the remainder when 1143394 is divided by 568988.
5418
What is the remainder when 3673266 is divided by 333933?
3
What is the remainder when 252036898 is divided by 8?
2
Calculate the remainder when 32070088 is divided by 4581440.
8
Calculate the remain